{"id":31,"date":"2020-12-08T22:21:27","date_gmt":"2020-12-08T22:21:27","guid":{"rendered":"https:\/\/acontad.com\/?page_id=31"},"modified":"2020-12-08T22:32:53","modified_gmt":"2020-12-08T22:32:53","slug":"somos-una-organizacion-dedicada-a-prestacion-de-servicios-de-outsourcing-a-las-empresas-del-departamento-archipielago-de-san-andres-en-los-siguientes-campos","status":"publish","type":"page","link":"https:\/\/acontad.com\/index.php\/somos-una-organizacion-dedicada-a-prestacion-de-servicios-de-outsourcing-a-las-empresas-del-departamento-archipielago-de-san-andres-en-los-siguientes-campos\/","title":{"rendered":""},"content":{"rendered":"\n<p>Somos una organizaci\u00f3n dedicada a prestaci\u00f3n de servicios de outsourcing a las empresas del Departamento Archipi\u00e9lago de San Andr\u00e9s, en los siguientes campos:<\/p>\n\n\n\n<p>1. Asesor\u00eda contable<\/p>\n\n\n\n<p>2. Asesor\u00eda Tributaria<\/p>\n\n\n\n<p>3. Asesor\u00eda Laboral<\/p>\n\n\n\n<p>Nuestra empresa posee una vasta experiencia en los servicios que ofrece ya que cuenta con un grupo heterog\u00e9neo de profesionales en Contadur\u00eda p\u00fablica y Administraci\u00f3n de Empresas, con m\u00e1s de 20 a\u00f1os de experiencia.<\/p>\n\n\n\n<p>Cada uno de los profesionales que participan en el portafolio, peri\u00f3dicamente actualizan sus conocimientos en la medida que la normatividad es modificada.<\/p>\n","protected":false},"excerpt":{"rendered":"<p>Somos una organizaci\u00f3n dedicada a prestaci\u00f3n de servicios de outsourcing a las empresas del Departamento Archipi\u00e9lago de San Andr\u00e9s, en los siguientes campos: 1. Asesor\u00eda contable 2. Asesor\u00eda Tributaria 3. Asesor\u00eda Laboral Nuestra empresa posee una vasta experiencia en los servicios que ofrece ya que cuenta con un grupo heterog\u00e9neo de profesionales en Contadur\u00eda p\u00fablica [&hellip;]<\/p>\n","protected":false},"author":1,"featured_media":0,"parent":0,"menu_order":0,"comment_status":"closed","ping_status":"closed","template":"","meta":[],"_links":{"self":[{"href":"https:\/\/acontad.com\/index.php\/wp-json\/wp\/v2\/pages\/31"}],"collection":[{"href":"https:\/\/acontad.com\/index.php\/wp-json\/wp\/v2\/pages"}],"about":[{"href":"https:\/\/acontad.com\/index.php\/wp-json\/wp\/v2\/types\/page"}],"author":[{"embeddable":true,"href":"https:\/\/acontad.com\/index.php\/wp-json\/wp\/v2\/users\/1"}],"replies":[{"embeddable":true,"href":"https:\/\/acontad.com\/index.php\/wp-json\/wp\/v2\/comments?post=31"}],"version-history":[{"count":2,"href":"https:\/\/acontad.com\/index.php\/wp-json\/wp\/v2\/pages\/31\/revisions"}],"predecessor-version":[{"id":40,"href":"https:\/\/acontad.com\/index.php\/wp-json\/wp\/v2\/pages\/31\/revisions\/40"}],"wp:attachment":[{"href":"https:\/\/acontad.com\/index.php\/wp-json\/wp\/v2\/media?parent=31"}],"curies":[{"name":"wp","href":"https:\/\/api.w.org\/{rel}","templated":true}]}}